 - 4. Suppose 48 + 18 = k*x. List the prime factors of x.
3, 11
Let u(g) = -20*g**3. Let h be u(-1). Suppose 2*b + 2*b = h. Suppose -2*p + 15 = -b*p, 3*f + 2*p = 125. List the prime factors of f.
3, 5
Let d = 1203 - 787. What are the prime factors of d?
2, 13
Let o be (13 - 12)/((-1)/(-73)). Suppose -5*x + o = -107. List the prime factors of x.
2, 3
Let t = -11 + 16. Let i(b) = -b + 4. Let c be i(t). What are the prime factors of ((-8)/12)/(c/60)?
2, 5
Let k(x) = -2*x. Let n be k(-4). Suppose 0 = -2*w + n + 18. Let h = w + -10. What are the prime factors of h?
3
Let g = -98 + 605. List the prime factors of g.
3, 13
Suppose 5*i + l - 20 = 0, 4*i + 2*l - 11 = -1. Suppose i*g - 3*g - 198 = 0. Suppose g = 3*z - 3*o, -137 - 18 = -5*z + 3*o. What are the prime factors of z?
2, 7
Let i be 188/8*(1 - 3). Let w = 140 + i. List the prime factors of w.
3, 31
Let c(r) = -3*r**2 - 16*r + 6. Suppose k + 2 - 1 = 0. Let p(f) = -f**2 - f - 1. Let t(g) = k*c(g) + 4*p(g). What are the prime factors of t(10)?
2, 5
Let z = 346 + -231. Suppose -2*y - z = -3*l - 6*y, 50 = l - y. What are the prime factors of l?
3, 5
What are the prime factors of 7/(-14)*-872 - 5?
431
Suppose 4125 = 3*r - s, 109*r - s = 108*r + 1373. What are the prime factors of r?
2, 43
Let m be -36 + 4 + (0 - 2). Let l = m - -25. Let s = 29 + l. What are the prime factors of s?
2, 5
Let g(n) = -n**2 - 12*n - 10. Suppose 4*p + 0 = -32. Let l(b) = -b - 18. Let s be l(p). What are the prime factors of g(s)?
2, 5
Suppose -z - 30 + 119 = 5*i, 0 = -z - 3*i + 81. Let u = 127 - z. List the prime factors of u.
2, 29
Suppose 638 = 5*n - 812. Suppose 8*t = 3*t + n. What are the prime factors of t?
2, 29
Suppose -4 = -18*w + 17*w. Suppose -w*n + 3*z + 197 = -92, -4*z = 4*n - 268. List the prime factors of n.
2, 5, 7
Let x = -17 - -27. Let h(l) = x + l**2 - 13 - 13*l + 9. List the prime factors of h(15).
2, 3
Let i(v) = -v**3 + 12*v**2 + 13*v + 5. Let a be i(13). Suppose 0*h = a*h - 315. What are the prime factors of h?
3, 7
Let s = 84 + -49. Suppose 11 = j - 3*n - 4, 0 = -5*j + 5*n + s. Suppose -3*i - 2*i - 5*x + 75 = 0, i = -j*x + 5. What are the prime factors of i?
2, 5
Suppose 0 = -2*a + 4*a - 152. Suppose -2*m = m + 3*j - 354, 3*j = -12. Suppose 6*g - m = a. List the prime factors of g.
3, 11
Suppose m + 19 = 2*m - 4*j, -5*m - j = -32. Suppose -3*u + 38 = -u. Let p = u - m. What are the prime factors of p?
2, 3
Let o = -1263 + 3156. List the prime factors of o.
3, 631
Suppose -3*p = -t + 200, 0 = t - 3*p + 2*p - 200. What are the prime factors of t?
2, 5
Let y(g) = 4 + 6*g - 11 + g - 2. What are the prime factors of y(9)?
2, 3
Let n(j) = -4*j**2 + 2*j - 2. Let i be n(2). Let l = i - -44. What are the prime factors of l?
2, 3, 5
Let o(x) = x**3 - 2*x**2. Let d be o(1). What are the prime factors of (d + -2)*(3 - 0 - 48)?
3, 5
Let j(a) = 370*a**2 + 10*a - 32. List the prime factors of j(2).
2, 367
Suppose 3*l = 4*l. Let y be l + (-1 - 3 - -58). Suppose y = i + 2*u, -3 = 4*i + 5*u - 225. What are the prime factors of i?
2, 29
Let a = -70 - -448. List the prime factors of a.
2, 3, 7
Let s be (1 + 1 - 2) + 21. Suppose t = -s - 57. List the prime factors of (-2)/(-4)*t/(-3).
13
What are the prime factors of (-3*(-186)/(-36))/((-2)/20)?
5, 31
Suppose -3*r + r + 2*p = 0, -5*r + 20 = -p. Suppose -r*b = -7 - 3. Suppose b*c + 4*u - 42 = -12, 2*c + u = 42. List the prime factors of c.
23
Suppose -7*a = -3*a - 28. Suppose -4*g - a = -j, j - g = 23 - 1. List the prime factors of j.
3
Suppose -30 = 11*t - 8. List the prime factors of (-2798)/28*t + (-5)/(-35).
2, 5
Let v = 133 - -423. What are the prime factors of v?
2, 139
Let t(s) = -s**2. Let g(w) = 5*w**2 - 8*w - 3. Let i(f) = -g(f) - 4*t(f). Suppose 0 = 4*x + 5*k - 28, 5*x + 4*k = 8 + 27. What are the prime factors of i(x)?
2, 5
Let q(i) = -i + 8 - 4*i**2 - 9*i + 0*i**3 + i**3. Let v(z) = z + 1. Let c be v(5). What are the prime factors of q(c)?
2, 5
Let l = 396 + -276. Let g = l - 69. Suppose 5*b - 62 = 2*r, -4*b + 4*r - 11 + g = 0. List the prime factors of b.
2, 7
Suppose 4*l - 2447 = -5*p, 0*l - l - 3*p + 603 = 0. List the prime factors of l.
2, 3, 103
Let z be (4/(-6))/((-1)/3). Let x = z - -5. Suppose 0 = -5*u + 5*c + 110, -2*u + x*u = 2*c + 98. List the prime factors of u.
2, 3
Let r = -3 + 75. Let x = r - 35. Let p = 3 + x. List the prime factors of p.
2, 5
Let j(d) = 6*d - 3. Let w(t) = -17*t + 10. Let n(h) = 11*j(h) + 4*w(h). Let a be n(-6). Suppose f - a = 28. List the prime factors of f.
47
Suppose 0 = 5*b - 4*s + 8 - 28, 5*b + 2*s - 20 = 0. Suppose -b*k + 804 = -0*k. List the prime factors of k.
3, 67
Suppose -i - 2593 = -2*v, -3*v + 5409 = -2*i + 1518. List the prime factors of v.
5, 7, 37
Let m(z) = -3*z**3 - 3*z**2 + 2. Let i be m(-2). Suppose -5*r + i = 4. Suppose -11 = -x - r. List the prime factors of x.
3
Let v(x) = -8*x - 3. Let w be v(-1). List the prime factors of w/(-5) + (-3 - -88).
2, 3, 7
Suppose u + 8 = 3*u. Suppose 0 = 3*y - u*y. Let a(w) = w + 24. List the prime factors of a(y).
2, 3
Let x be (-3 - (-99)/(-4))*-4. Suppose x = 3*b + 4*v - v, -2*b = -4*v - 44. Suppose 59 = 2*h + 5*d - b, 3*d = h - 29. What are the prime factors of h?
2, 19
Suppose 0 = 98*j - 102*j + 4064. List the prime factors of j.
2, 127
Let r(n) = n**2 + n + 4. Let w(d) = 3*d**3 - d**2 + 1. Let j = -6 - -7. Let s be w(j). List the prime factors of r(s).
2
Let f(p) = -p**3 + 21*p**2 - 32*p - 29. Let v be f(19). Suppose 3*d + 0*h + 5*h - 65 = 0, -4*d - 5*h + v = 0. What are the prime factors of d?
2, 5
Suppose 10 = 3*g - 2*g. Suppose -16*z = -g*z - 60. List the prime factors of z.
2, 5
Let s(a) = -a**3 + a**2 + a - 1. Let h(l) = 2*l**2 - 4. Let d(p) = h(p) - s(p). What are the prime factors of d(5)?
2, 71
Suppose -131*n = -12*n - 368186. List the prime factors of n.
2, 7, 13, 17
Let p(i) be the first derivative of 13*i**2/2 - 11*i + 28. What are the prime factors of p(8)?
3, 31
List the prime factors of ((-15)/(-10))/(3/4248) - 2.
2, 1061
Suppose -4*y - 4*v + 252 = -2*v, 4*v - 8 = 0. List the prime factors of y.
2, 31
List the prime factors of 6/5*(-7 - (-285 - -8)).
2, 3
Suppose 0 = 49*j - 50*j - 12. What are the prime factors of (156 - 1) + j/(5 + -2)?
151
Suppose 3*d - 416 = 2*r, 2*d + 2*r - 207 - 77 = 0. What are the prime factors of d?
2, 5, 7
Suppose -2*s + 1 - 3 = 0. Let g = 1 + s. Suppose g*f + f = 3. List the prime factors of f.
3
Let w(l) = -114*l + 360. What are the prime factors of w(-13)?
2, 3, 307
Let q = -572 - -2097. List the prime factors of q.
5, 61
Let b be 2/(1 - 1/2). Suppose -6*s + b*q + 28 = -5*s, -4*s + 32 = 4*q. Suppose -a + 7*t + s = 3*t, -3*a + 68 = 4*t. What are the prime factors of a?
2, 5
Suppose -120 = -c - 2*h - h, -3*h - 690 = -5*c. List the prime factors of c.
3, 5
Suppose 68 = -5*y - 142. Let o = y + 74. List the prime factors of o.
2
Let w = 9 + -12. Let d be w/(3/(-2)) - -1. Suppose -b = -d - 22. List the prime factors of b.
5
Suppose 47208 = -88*u + 109*u. What are the prime factors of u?
2, 281
Let y be ((-3669)/(-21) - 2) + (-2)/(-7). Let c = 262 - y. What are the prime factors of c?
89
Let b = -390 + 232. Let r be b/(-3) - 6/(-18). Suppose 4*s - w - 203 + r = 0, -s - 3*w = -44. What are the prime factors of s?
2, 19
List the prime factors of 831 + 3 + (10 - 3).
29
Let d(a) be the third derivative of -a**6/120 + a**5/3 - 2*a**4/3 - 19*a**3/6 + 4*a**2. What are the prime factors of d(19)?
2, 19
Suppose -2*i = 5*v + 18, i + 2*v + 10 = 3. Suppose -3 - i = -t. Suppose 5*c + 3*y - 100 - 31 = 0, t*y = -c + 33. List the prime factors of c.
5
Let l(f) be the first derivative of -f**2/2 + 3*f - 2. What are the prime factors of l(-9)?
2, 3
Let h(x) = -2*x**2 - x + 3. Suppose -53 = 3*j + 34. Let g = 29 + j. What are the prime factors of h(g)?
3
Let o = 1199 - 2289. List the prime factors of (((-5)/2)/5)/(5/o).
109
Let y(j) = 2*j**2 + 27*j - 132. List the prime factors of y(9).
3, 7, 13
List the prime factors of (-24 - -20 - (-18)/4)*266.
7, 19
Let y be (-6)/((-3)/9*(-1)/62). List the prime factors of -2*(-1)/(-4) + y/(-8).
139
Let u(h) = 3*h**3 + 68*h**2 - 7*h - 83. Let l(t) = -5*t**3 - 102*t**2 + 11*t + 125. Let q(b) = -5*l(b) - 8*u(b). List the prime factors of q(34).
73
Let p(g) = g**2 + 7*g - 11. Let l be p(-8). Suppose x + 2 = -1.